
True
Is 4446038 a multiple of 23?
True
Is 39 a factor of 175607?
False
Is 413 a factor of 411572?
False
Is 110627 a multiple of 89?
True
Is 214563 a multiple of 111?
True
Does 38 divide 363336?
False
Is 165 a factor of 8408442?
False
Is 270 a factor of 4055234?
False
Does 36 divide 5534823?
False
Does 7 divide 58643?
False
Does 15 divide 101925?
True
Does 40 divide 1742800?
True
Does 722 divide 1229225?
False
Does 42 divide 337134?
True
Is 7 a factor of 264062?
False
Does 59 divide 130697?
False
Is 42 a factor of 537903?
False
Is 30 a factor of 57300?
True
Is 846230 a multiple of 35?
True
Is 1482264 a multiple of 9?
True
Is 818816 a multiple of 8?
True
Does 3 divide 322803?
True
Is 364 a factor of 1686154?
False
Does 3 divide 59486?
False
Is 2971625 a multiple of 25?
True
Is 322 a factor of 79643?
False
Does 136 divide 2368576?
True
Is 1366572 a multiple of 188?
True
Is 18 a factor of 1853795?
False
Is 606 a factor of 5665494?
True
Is 1197683 a multiple of 11?
False
Is 10 a factor of 122140?
True
Is 187 a factor of 1908128?
False
Does 1458 divide 8710142?
False
Is 962248 a multiple of 56?
True
Is 3909668 a multiple of 266?
True
Does 163 divide 54041?
False
Is 40716 a multiple of 348?
True
Is 20 a factor of 129432?
False
Is 3308115 a multiple of 779?
False
Is 355 a factor of 505463?
False
Is 116 a factor of 623786?
False
Is 258 a factor of 1500528?
True
Does 829 divide 367592?
False
Does 8 divide 2327912?
True
Is 46 a factor of 154100?
True
Is 23 a factor of 19711?
True
Does 3 divide 253264?
False
Does 10 divide 3479?
False
Is 31 a factor of 3606057?
False
Does 43 divide 4026133?
True
Does 888 divide 9799080?
True
Does 191 divide 103522?
True
Does 17 divide 1517012?
True
Does 195 divide 520776?
False
Does 22 divide 1457522?
True
Is 7 a factor of 386258?
False
Is 51695 a multiple of 35?
True
Does 17 divide 9707066?
False
Is 528980 a multiple of 10?
True
Is 1887926 a multiple of 7?
False
Is 153868 a multiple of 29?
False
Is 7 a factor of 50806?
True
Is 125305 a multiple of 95?
True
Is 10 a factor of 155100?
True
Is 16 a factor of 29696?
True
Is 43 a factor of 241918?
True
Does 1304 divide 3853320?
True
Does 5 divide 86756?
False
Is 220033 a multiple of 83?
True
Does 112 divide 2150176?
True
Does 1301 divide 14805380?
True
Is 14484 a multiple of 68?
True
Is 1467189 a multiple of 29?
False
Is 2650848 a multiple of 22?
False
Is 6 a factor of 69642?
True
Is 3102262 a multiple of 558?
False
Is 111874 a multiple of 7?
True
Does 372 divide 66821?
False
Is 507906 a multiple of 118?
False
Is 32 a factor of 459680?
True
Is 626250 a multiple of 250?
True
Is 2394000 a multiple of 140?
True
Does 57 divide 2016141?
False
Is 1358 a factor of 11294486?
True
Is 226 a factor of 2472666?
True
Does 750 divide 13909500?
True
Is 20 a factor of 393938?
False
Is 521290 a multiple of 15?
False
Is 387 a factor of 8586701?
False
Is 470100 a multiple of 4?
True
Is 28661 a multiple of 19?
False
Is 244724 a multiple of 317?
True
Is 27168 a multiple of 32?
True
Is 1376714 a multiple of 413?
False
Does 2 divide 2605?
False
Is 7 a factor of 3403424?
False
Is 74466 a multiple of 54?
True
Does 190 divide 471960?
True
Is 73425 a multiple of 15?
True
Is 72254 a multiple of 16?
False
Is 285 a factor of 974700?
True
Does 64 divide 13732416?
True
Does 74 divide 43512?
True
Is 4975035 a multiple of 32?
False
Does 42 divide 58271?
False
Does 31 divide 45009?
False
Does 31 divide 1637333?
False
Is 319 a factor of 81664?
True
Is 778824 a multiple of 373?
True
Is 1369450 a multiple of 305?
True
Does 48 divide 472721?
False
Does 87 divide 2551188?
True
Is 4 a factor of 99096?
True
Is 9202430 a multiple of 430?
True
Is 2681 a multiple of 8?
False
Does 370 divide 151330?
True
Is 24 a factor of 55800?
True
Is 167 a factor of 338828?
False
Does 33 divide 729795?
True
Does 8 divide 2963624?
True
Does 101 divide 7734357?
False
Is 3466780 a multiple of 10?
True
Does 30 divide 160683?
False
Is 359441 a multiple of 4?
False
Does 157 divide 748890?
True
Does 65 divide 291070?
True
Is 2077225 a multiple of 109?
False
Is 1455706 a multiple of 44?
False
Is 606 a factor of 418198?
False
Is 474020 a multiple of 226?
False
Is 18 a factor of 6910635?
False
Does 595 divide 4677796?
False
Is 209 a factor of 3095081?
True
Does 14 divide 346178?
True
Does 88 divide 5188392?
True
Is 2256600 a multiple of 241?
False
Is 3498784 a multiple of 62?
True
Is 229 a factor of 12137?
True
Is 132 a factor of 56232?
True
Is 16 a factor of 3267640?
False
Does 140 divide 124180?
True
Is 38440 a multiple of 29?
False
Does 33 divide 265551?
True
Does 13 divide 61864?
False
Is 6978627 a multiple of 501?
False
Is 60384 a multiple of 272?
True
Is 3 a factor of 356469?
True
Does 26 divide 18753930?
True
Is 299 a factor of 1214465?
False
Is 25 a factor of 518600?
True
Does 153 divide 1037952?
True
Does 76 divide 591204?
True
Is 18 a factor of 51048?
True
Does 101 divide 108500?
False
Is 23 a factor of 22838977?
True
Does 21 divide 4956386?
False
Does 171 divide 1262714?
False
Does 957 divide 2107915?
False
Is 83 a factor of 3114326?
True
Is 4 a factor of 12650?
False
Does 9 divide 27776?
False
Is 164 a factor of 480722?
False
Is 10 a factor of 222340?
True
Is 13 a factor of 534695?
False
Is 32 a factor of 32805?
False
Is 163395 a multiple of 9?
True
Is 1098849 a multiple of 70?
False
Is 217710 a multiple of 45?
True
Is 71 a factor of 67663?
True
Is 34272 a multiple of 8?
True
Is 19 a factor of 2189901?
False
Does 17 divide 509054?
False
Does 88 divide 81956?
False
Does 32 divide 528254?
False
Does 1508 divide 2185765?
False
Is 83 a factor of 3020?
False
Is 16 a factor of 11549184?
True
Is 487020 a multiple of 60?
True
Does 542 divide 1446056?
True
Is 1465290 a multiple of 201?
True
Is 2102859 a multiple of 1931?
True
Is 110 a factor of 488400?
True
Does 337 divide 1916986?
False
Is 780705 a multiple of 135?
True
Does 105 divide 230329?
False
Does 29 divide 381130?
False
Is 80 a factor of 441796?
False
Is 10162285 a multiple of 21?
False
Is 13 a factor of 19651879?
True
Does 72 divide 397440?
True
Is 57218 a multiple of 134?
True
Does 309 divide 293241?
True
Is 43546 a multiple of 7?
False
Is 257 a factor of 858380?
True
Is 98 a factor of 777216?
False
Does 33 divide 255849?
True
Is 35463 even?
False
Does 109 divide 142447?
False
Does 407 divide 60236?
True
Does 51 divide 9132?
False
Is 17 a factor of 2465780?
False
Does 2523 divide 9118122?
True
Does 44 divide 110827?
False
Does 27 divide 119972?
False
Is 5993540 a multiple of 31?
True
Is 1371536 a multiple of 10?
False
Is 5918612 a multiple of 49?
True
Does 36 divide 85994?
False
Does 3 divide 11919?
True
Is 378 a factor of 339066?
True
Is 44 a factor of 1357752?
True
Does 748 divide 1276836?
True
Is 754 a factor of 2518422?
False
Does 848 divide 6400531?
False
Is 6670727 a multiple of 151?
True
Is 74 a factor of 125747?
False
Is 269306 a multiple of 3?
False
Is 149 a factor of 19802488?
False
Does 27 divide 383467?
False
Is 5431119 a multiple of 37?
True
Does 117 divide 547192?
False
Is 352 a factor of 254144?
True
Is 20 a factor of 118546?
False
Is 2743 a factor of 7694313?
False
Does 18 divide 1640?
False
Does 384 divide 1488768?
True
Is 330087 a multiple of 141?
False
Is 8 a factor of 1523586?
False
Does 731 divide 482460?
True
Does 743 divide 1711553?
False
Is 3 a factor of 3373?
False
Does 232 divide 163560?
True
Does 11 divide 284860?
False
Does 8 divide 949?
False
Does 6 divide 74385?
False
Is 94 a factor of 276736?
True
Is 152 a factor of 89289?
False
Does 41 divide 1307684?
False
Is 18081 a multiple of 441?
True
Is 17 a factor of 1781536?
False
Is 178 a factor of 152546?
True
Is 844 a factor of 204248?
True
Does 98 divide 979706?
True
Is 8 a factor of 12959439?
False
Is 149472 a multiple of 20?
False
Is 102 a factor of 61921?
False
Is 193292 a multiple of 382?
True
Is 87 a factor of 11072707?
False
Is 854960 a multiple of 80?
True
Is 788 a factor of 2545240?
True
Is 237323 a multiple of 748?
False
Is 80000 a multiple of 640?
True
Is 88 a factor of 76981?
False
Is 22 a factor of 62128?
True
Is 137144 a multiple of 553?
True
Is 186109 a multiple of 77?
True
Is 47 a factor of 6032356?
True
Is 147466 a multiple of 11?
True
Is 27 a factor of 2296361?
False
Does 136 divide